t a be w(3). Suppose -65 = -3*q + k, -a*q - k + 7 = -28. Let f = q - 11. What are the prime factors of f?
3
Let t be (3/9)/((-3)/(-279)). Suppose -z + 187 = 4*c - 0*c, c = 5*z + t. What are the prime factors of c?
2, 23
Let u = 1482 + -1273. List the prime factors of u.
11, 19
Suppose -3*p = 5*n - 225, -2*p - n = -2*n - 150. Let z be ((-4)/(-6))/(10/p). Suppose 5 = -z*i, 0 = 4*t - 3*i - 57 - 26. What are the prime factors of t?
2, 5
Let b be (36/(-10))/((-6)/180). Let g be 0/(-4 - 0/4). Suppose -5*o + 32 + b = g. What are the prime factors of o?
2, 7
List the prime factors of -15*4/(84/(-49)).
5, 7
Suppose 5*y + 15 = -k + 78, -3*y - 4*k = -31. Suppose 12*b = y*b - 47. List the prime factors of b.
47
Suppose n + 3*b - 1 - 896 = 0, -3*b = 4*n - 3597. Suppose n = p + 4*p. List the prime factors of p.
2, 3, 5
Let m(s) = -s**2 + 9*s - 9. Let o be m(7). Suppose 7*k + o*n - 140 = 2*k, 4*k - 3*n - 112 = 0. Let j = -16 + k. List the prime factors of j.
2, 3
Let x = 3896 + -2171. What are the prime factors of x?
3, 5, 23
Let g = 2179 - 1009. Suppose 24*d - g = 19*d. List the prime factors of d.
2, 3, 13
Suppose -3*z + z + 14 = 0. What are the prime factors of (52 - z)*(-60)/(-9)?
2, 3, 5
Suppose 0 = 4*w + n + 86, -29 - 44 = 3*w + 5*n. Let j = 10 - w. What are the prime factors of j?
31
Suppose 0*p + 4*h - 8 = 4*p, 11 = -p + 4*h. List the prime factors of p + -1 - (-16 + -8).
2, 3
Let n = 25 + -41. Let d(v) = v + 13. Let f be d(n). Let l = f - -11. List the prime factors of l.
2
Let h be 16/(-2) + -3 + 1. Let d = 4 - h. Suppose -4*n + 54 = -d. What are the prime factors of n?
17
Let n(h) = 196*h**2 + 12*h - 111. List the prime factors of n(5).
13, 373
Suppose -126 = 50*f - 53*f. List the prime factors of f.
2, 3, 7
Let d = 7 - -66. Suppose 3*g - 2*j - 119 = 0, 25 = -g - j + d. List the prime factors of g.
43
Let p be 0 + 0/1 + 2. Suppose p*w - 2*m - 172 = 0, -4*m = w - 4*w + 255. Suppose 5*l + c = 322, 2*l + 2*c - 221 = -w. What are the prime factors of l?
2
Let k(c) = 3*c - 67. Let u be k(24). Suppose u*i + 46 + 201 = z, 2*z = -4*i + 480. List the prime factors of z.
2, 11
Suppose 18*z - 6 = 12*z. Let d(g) = 92*g - 2. List the prime factors of d(z).
2, 3, 5
Let a be (292/(-6))/(69/18 - 4). Suppose -a = -3*f - 0*m - 4*m, 0 = -3*f - 3*m + 297. What are the prime factors of f?
2, 13
Let y be 5 - 2*(-2)/4. Suppose -9*u + y*u = -12. Suppose 0 = -3*w + w - 6, -m - u*w = -8. List the prime factors of m.
2, 5
Let n(m) = -3*m + 31. Let w be n(9). Suppose -2*j + 236 = 2*q, -j + 42 = -w*q - 56. What are the prime factors of j?
2, 3, 19
Let y = -452 - -469. What are the prime factors of y?
17
Suppose 7*v - 20 = 2*v. Suppose 78 = v*x + 2*x. Suppose -5*j = -x - 262. List the prime factors of j.
5, 11
Let w(i) = i**3 - 8*i**2 + 8*i + 5. Let k be (-2)/6 + 7/3. Let d(a) = 4*a - 1. Let j be d(k). List the prime factors of w(j).
2, 3
Let p(n) = -n**3 + n**2 + 5*n + 355. What are the prime factors of p(0)?
5, 71
Let r = 14 + -14. Suppose r = 4*k + 24 - 224. List the prime factors of k.
2, 5
Suppose -780 = -7*l + 2*l. What are the prime factors of l?
2, 3, 13
Let p(h) be the third derivative of 43*h**4/4 - 3*h**3/2 - 46*h**2. What are the prime factors of p(1)?
3, 83
Let h be 361/76 + (-1 - 10/(-8)). Suppose 2*x - 146 = -d + h*d, 0 = 4*x + 2*d - 332. List the prime factors of x.
3
Suppose -33 = -13*f - 7. Suppose -2*s - 2*s = -12. Suppose 20 = -2*c + s*c + 3*v, 24 = 2*c + f*v. What are the prime factors of c?
2
Let t(s) = -139*s + 64. List the prime factors of t(-6).
2, 449
Let c(q) = 40*q - 97. What are the prime factors of c(13)?
3, 47
Let r(w) = w**2 + 7*w - 3. Let o be r(-4). Let x be ((1 + o)/(-1))/2. Let g(p) = p**3 - 6*p**2 - 6*p + 5. What are the prime factors of g(x)?
2, 3
What are the prime factors of 21/(-5*(-1)/55)?
3, 7, 11
Let j(m) = m**3 + 3*m**2 - 4*m. Suppose 0 = k + 4*q - 9, 4*k - k - 2*q + 43 = 0. Let o = -14 - k. What are the prime factors of j(o)?
2, 3
Suppose x = -5*w + 30, 2*w = -2*w - 2*x + 18. Suppose 0 = -g + 4 - w. Let z = 1 - g. List the prime factors of z.
2
Let b = -15 + 15. Suppose -4*f - 3*x = b, 0 = 2*x + 3*x + 20. Suppose -4*t - 1 = -f*t + 4*v, 5*t - 120 = 5*v. List the prime factors of t.
19
Let l(a) = a**2 + 16*a + 37. Let t be l(-15). Let j = t + 40. What are the prime factors of j?
2, 31
Let r = 1107 + 2215. List the prime factors of r.
2, 11, 151
Suppose -4*c - 11 = 1. List the prime factors of (-608)/(-8) + c/1.
73
Let t(o) be the third derivative of -o**4/12 - 5*o**3/3 - o**2. Let x(i) = 5*i - 116. Let m be x(20). List the prime factors of t(m).
2, 11
Let c be -9 + -4*(-1)/2. Let a(x) = -2*x + 6. Let w be a(c). Let p = 28 - w. What are the prime factors of p?
2
Suppose 93*f + 60 = 90*f. Let s be 21/(-1)*(-4)/3. Let j = s + f. List the prime factors of j.
2
Let f = -332 + 580. What are the prime factors of f?
2, 31
Let a be 16/(-96) - 37/(-6). Suppose -4*j = -4*u + a*u - 122, 2*u - 2*j - 92 = 0. List the prime factors of u.
3, 17
List the prime factors of ((-3)/2)/(60/(-67720)).
1693
Let y(w) = 19*w - 10. Let r(k) = 19*k - 9. Let g(x) = -5*r(x) + 4*y(x). Let p be g(-6). Let c = -79 + p. What are the prime factors of c?
2, 5
Suppose 0 = 2*r + 3*r - 105. Let y = 11 - r. Let z(v) = -v**3 - 10*v**2 - 2*v - 10. List the prime factors of z(y).
2, 5
Let s be 14 - 13 - 427/(-1). List the prime factors of (-5 + s/28)/((-6)/(-28)).
2, 3
Let m(r) = r**3 - r**2 - 10*r + 3. Let i be m(4). Suppose -93 = -j - 3*q, 0 = -4*j - 6*q + i*q + 355. What are the prime factors of j?
2, 3, 5
Let v(w) = 9*w**2 - 3*w - 61. What are the prime factors of v(-6)?
281
Let g(n) be the first derivative of n**4/4 - 7*n**3/3 + 10*n**2 - 8*n + 4. What are the prime factors of g(7)?
2, 3, 11
Suppose -179 = -n + i, -2*i - 20 = -n + 162. Suppose -3*k = 12*k. Suppose 4*d + 4*m - 6*m = n, k = -d - 2*m + 39. What are the prime factors of d?
43
Let y(q) = q**3 + 12*q**2 + 11*q + 4. Let p be y(-11). Let d be 48/4*18/p. Suppose 2*j = -0*j + d. List the prime factors of j.
3
Let w(n) = 0*n - 6*n - 4*n**3 + 3 + 5*n**3 + 6*n**2. What are the prime factors of w(-5)?
2, 29
Suppose -2*v + 8*c + 11678 = 6*c, v - 5845 = -c. What are the prime factors of v?
2, 23, 127
Suppose 0 = 3*m + 9, 0*u - 4*u + 3*m = -9. Suppose -2*s = -u*s - 210. List the prime factors of s.
3, 5, 7
Suppose -29*f - 665 + 4087 = 0. What are the prime factors of f?
2, 59
Let k be -33 + -1 - (-16 + 12). Let v = 12 + k. What are the prime factors of 2/3 - 528/v?
2, 3, 5
Let j(x) = x**2 - 10*x + 3. Let g be j(9). Let b = 21 - g. What are the prime factors of b?
3
Suppose -l + 9 = -3*h + 4*l, -15 = 3*h - 3*l. Let r be ((-58)/(-6))/(((-2)/1)/(-6)). Let m = r + h. List the prime factors of m.
3, 7
Suppose 114 = 49*f - 47*f. List the prime factors of f.
3, 19
Suppose 23 = 3*x + a, -2*x + 6*x - 30 = -a. Suppose 8*u - 10 = -4*h + 6*u, h = -4*u - 15. Suppose 0 = h*v - x*v + 130. What are the prime factors of v?
5, 13
List the prime factors of ((0 - 157) + 3)*(-10)/4.
5, 7, 11
Let h(r) be the third derivative of r**6/120 + 7*r**5/30 - r**4/24 + 10*r**3/3 + 8*r**2. List the prime factors of h(-14).
2, 17
Let d(y) = 4*y. Let o be d(5). What are the prime factors of 1325/o + 6/(-24)?
2, 3, 11
Let v be 2*(12/(-4))/(-3). Let h be 30/(-9*v/(-48)). What are the prime factors of ((-39)/2)/((-30)/h)?
2, 13
Let n(i) = i**2 + 14*i - 44. Let h be n(-17). What are the prime factors of (3 + 1)*(38/4 - h)?
2, 5
Suppose -20 + 100 = 5*b. Let f be -4*(-2)/b*4. Suppose f*g - 80 = -2*g. List the prime factors of g.
2, 5
Let c be (-30)/1 - 0/(-1). Suppose -1456 = -57*t + 29*t. Let h = c + t. List the prime factors of h.
2, 11
Suppose 82*i - 97*i + 1770 = 0. List the prime factors of i.
2, 59
Let q = 15 - 13. Suppose 5*d + 2*x = 51, -d - x + 13 = -q*x. Let c = 23 - d. List the prime factors of c.
2, 3
Let u = -27 - -51. Suppose -6*v + 24 + u = 0. Let o = v + -5. What are the prime factors of o?
3
Suppose 13*d = 1010 - 204. Suppose 63*s - d*s = 187. List the prime factors of s.
11, 17
Let o be 8 + (-4)/((-16)/(-4)). Let y = 12 - o. Let u(j) = j**3 - 4*j**2 + j + 5. List the prime factors of u(y).
5, 7
Let l(i) = 2*i - 4. Let z be l(4). Let h be (1/(-4))/((-1)/z). Suppose -f - 2*q + q + h = 0, -2*f + 18 = -2*q. List the prime factors of f.
5
Supp